Is 471813763 a composite number?
True
Is 19130841337 composite?
False
Is 2498780741 a prime number?
True
Is 1487080193 a composite number?
False
Is 4297350329 composite?
False
Is 20352933745 prime?
False
Is 8276421467 a composite number?
True
Is 4401752681 prime?
True
Is 953295897 a composite number?
True
Is 1513444451 a composite number?
True
Is 9192775773 composite?
True
Is 19708233509 a composite number?
False
Is 401916928931 prime?
False
Is 3028200053 composite?
False
Is 71818862551 composite?
False
Is 33176967445 prime?
False
Is 2379287611 a prime number?
False
Is 1243799339 a composite number?
True
Is 12482617907 a prime number?
True
Is 314867363 prime?
True
Is 1010298403 a prime number?
True
Is 596828521 composite?
False
Is 1782756539 prime?
True
Is 4561639493 a composite number?
False
Is 5648919941 prime?
False
Is 79044191651 composite?
False
Is 344430577 composite?
False
Is 22006234751 composite?
False
Is 51518161837 prime?
True
Is 338406931 composite?
True
Is 55412335361 composite?
True
Is 4105355003 a prime number?
True
Is 291570947 a composite number?
False
Is 58502298133 prime?
False
Is 1119750089 composite?
False
Is 247633247 a prime number?
True
Is 8168956259 prime?
False
Is 57093843181 a prime number?
True
Is 1409816581 composite?
False
Is 2121476037 composite?
True
Is 1576096549 a prime number?
False
Is 26020676179 composite?
True
Is 1503769109 composite?
False
Is 3843695539 prime?
False
Is 3133320143 prime?
True
Is 119620071113 prime?
True
Is 2661989741 prime?
True
Is 5224771049 a composite number?
False
Is 27586232569 a composite number?
True
Is 810780719 a composite number?
True
Is 7340424281 prime?
False
Is 75209310223 prime?
True
Is 471002759 prime?
True
Is 105760779787 composite?
True
Is 3138649741 a prime number?
True
Is 21613291795 composite?
True
Is 2183883263 a prime number?
True
Is 3768335827 prime?
False
Is 370193519 prime?
True
Is 764274977 a composite number?
True
Is 36608227 a prime number?
True
Is 131880328073 prime?
False
Is 743019727 composite?
True
Is 37413353 prime?
False
Is 2799905503 prime?
True
Is 3695965201 a prime number?
True
Is 2842542841 prime?
True
Is 1447710331 prime?
True
Is 236691071 composite?
False
Is 119054395 a composite number?
True
Is 558760603847 prime?
True
Is 202427527 composite?
True
Is 180175187 a composite number?
False
Is 35982854339 a composite number?
False
Is 574433899 a composite number?
True
Is 4690766083 a prime number?
True
Is 45184649 a prime number?
True
Is 21218765231 prime?
True
Is 592016401 composite?
False
Is 1750331897 a composite number?
True
Is 199048077131 composite?
False
Is 7487631631 composite?
False
Is 50225165909 prime?
True
Is 22982141249 a composite number?
False
Is 18528798011 a composite number?
False
Is 4089959009 prime?
True
Is 32159184847 a prime number?
True
Is 194909591 a composite number?
False
Is 132776591 prime?
True
Is 126688183 prime?
True
Is 675126638 prime?
False
Is 42689905 a composite number?
True
Is 124269599 prime?
True
Is 4985404363 composite?
False
Is 29602429 a composite number?
True
Is 10875103 prime?
False
Is 199476119 a prime number?
False
Is 10704264253 composite?
True
Is 8289465519 a composite number?
True
Is 114011471 composite?
True
Is 8171295959 a composite number?
False
Is 40609867 a prime number?
True
Is 3379774481 a prime number?
True
Is 5686142909 a composite number?
False
Is 8317827781 a prime number?
True
Is 17746205369 prime?
False
Is 26386034629 prime?
True
Is 490163441 a composite number?
False
Is 2734517879 prime?
False
Is 24431277401 prime?
False
Is 15593009353 prime?
True
Is 1554066161 a composite number?
False
Is 317916307 composite?
False
Is 186440987 a composite number?
True
Is 5963447447 composite?
True
Is 13962769 a prime number?
False
Is 54043121 a prime number?
False
Is 58223948749 composite?
True
Is 887642123 prime?
False
Is 217899810519 composite?
True
Is 407121257 composite?
False
Is 7633610633 a prime number?
False
Is 65604633667 a prime number?
True
Is 1325181401 a composite number?
False
Is 415063793 a prime number?
False
Is 2597779993 prime?
True
Is 20464276719 a prime number?
False
Is 243538102349 composite?
True
Is 33329562677 composite?
False
Is 10235099011 prime?
True
Is 93430643609 a prime number?
False
Is 33124286651 composite?
True
Is 102482705201 composite?
False
Is 9269599 prime?
True
Is 15251230543 a composite number?
True
Is 2630902319 a prime number?
False
Is 18305206373 a composite number?
False
Is 722165401 prime?
True
Is 862870823 a prime number?
False
Is 2791488646 a composite number?
True
Is 1729994033 a composite number?
False
Is 30190652629 a composite number?
False
Is 6001087553 a composite number?
False
Is 3012826049 composite?
True
Is 1328493239 a prime number?
False
Is 75792962183 prime?
True
Is 4059815927 a prime number?
True
Is 107990213 prime?
True
Is 16045161313 a prime number?
False
Is 514311887 a prime number?
True
Is 98647304414 prime?
False
Is 1559200117 composite?
True
Is 11153468747 prime?
True
Is 709865339 a composite number?
True
Is 6205065257 a composite number?
False
Is 30642527891 a prime number?
False
Is 368030785 prime?
False
Is 4247374331 prime?
False
Is 1525565927 prime?
True
Is 9651558187 a prime number?
False
Is 32580705166 prime?
False
Is 651860639 composite?
False
Is 242588833 a prime number?
False
Is 859646501 a prime number?
False
Is 28161947087 a prime number?
True
Is 1134658799 prime?
False
Is 7359682181 prime?
False
Is 74485963 a composite number?
True
Is 64626513997 a composite number?
False
Is 3777209801 a composite number?
False
Is 126628829751 a prime number?
False
Is 693106783 a prime number?
True
Is 8073183383 a composite number?
True
Is 2245607519 composite?
False
Is 7410464755 prime?
False
Is 346054889 a prime number?
True
Is 108527470419 a prime number?
False
Is 728591189 a composite number?
False
Is 2052427211 prime?
True
Is 391368503 prime?
True
Is 3340983521 prime?
False
Is 6944141 composite?
True
Is 6812020009 composite?
True
Is 3162444947 composite?
True
Is 16989799 a composite number?
False
Is 169588151 composite?
False
Is 93184760029 a prime number?
False
Is 4098373037 composite?
True
Is 421881521 prime?
True
Is 47339346329 a composite number?
True
Is 269491657 composite?
False
Is 82735642667 prime?
True
Is 2363890541 a composite number?
False
Is 8005658393 composite?
True
Is 3594800291 composite?
False
Is 104109659 a prime number?
True
Is 1843488574 prime?
False
Is 231216511 a composite number?
False
Is 112714207 a prime number?
False
Is 21238044098 prime?
False
Is 2164340587 composite?
True
Is 5748423659 a prime number?
False
Is 86415811369 prime?
True
Is 3996446759 a prime number?
False
Is 901380355 prime?
False
Is 776262197 a prime number?
False
Is 54066535 a composite number?
True
Is 83320063319 composite?
True
Is 34815183961 a prime number?
True
Is 182464517 composite?
True
Is 8223560141 composite?
False
Is 11136104717 composite?
True
Is 4050217489 a prime number?
True
Is 30513992413 a prime number?
False
Is 91307419123 composite?
True
Is 5104070899 a composite number?
True
Is 2008353847 prime?
True
Is 19298365547 prime?
False
Is 2530977217 a prime number?
True
Is 42501146657 prime?
True
Is 49323605141 a prime number?
False
Is 4579519123 a prime number?
True
Is 2214434 prime?
False
Is 63296447 a prime number?
True
Is 2539872037 prime?
False
Is 1037005679 a composite number?
False
Is 1233961907 composite?
True
Is 4015075807 a prime number?
True
Is 29882197087 a prime number?
True
Is 13816721267 a composite number?
False
Is 27046213511 prime?
False
Is 895232537 prime?
True
Is 2372377441 prime?
False
Is 2527522769 prime?
False
Is 1541115673 a prime number?
True
Is 1118866159 composite?
False
Is 945704995 prime?
False
Is 24435628817 a prime number?
True
Is 1487894953 prime?
True
Is 703778749 prime?
False
Is 161733647 a prime number?
True
Is 2066842927 composite?
False
Is 140118331 a prime number?
False
Is 1458566467 a prime number?
True
Is 26631909709 a composite number?
False
Is 6437694881 composite?
False
Is 500799161 a composite number?
False
Is 56358511003 prime?
True
Is 54579897343 a prime number?
False
Is 148995360739 composite?
True
Is 47774801 prime?
True
Is 2082541199 prime?
False
Is 176306047 a prime number?
False
Is 69901